ctor of 45060 and 2708106?
4506
Calculate the highest common divisor of 846447 and 63.
21
What is the greatest common factor of 28541968 and 56?
56
What is the highest common divisor of 17576 and 3992456?
1352
Calculate the greatest common divisor of 38396 and 160204.
1324
Calculate the greatest common factor of 11475301 and 1922.
961
What is the greatest common factor of 5907701 and 44765?
1279
Calculate the greatest common factor of 623891219 and 41.
41
Calculate the highest common factor of 427668 and 92316.
1884
Calculate the greatest common factor of 73 and 93888585.
73
Calculate the greatest common divisor of 36531 and 281718.
81
Calculate the highest common divisor of 659337 and 3213.
21
Calculate the highest common factor of 3285 and 2609715.
15
What is the greatest common factor of 35 and 9002495?
5
Calculate the highest common divisor of 51684 and 105492.
708
Calculate the greatest common factor of 732159 and 4689171.
5589
Calculate the greatest common divisor of 284213677 and 88.
11
Calculate the highest common factor of 228 and 77852.
4
Calculate the greatest common factor of 5160336 and 1968.
48
What is the highest common factor of 1524340 and 1440760?
3980
Calculate the greatest common factor of 959000 and 11600.
200
Calculate the highest common factor of 17830343 and 3149.
47
Calculate the highest common factor of 43188255 and 11430.
5715
Calculate the highest common divisor of 6450460 and 125.
5
What is the greatest common factor of 29 and 1172005?
1
Calculate the greatest common factor of 80 and 4281225.
5
Calculate the highest common factor of 9 and 1470250962.
9
What is the highest common divisor of 14 and 3655406?
2
Calculate the greatest common factor of 121285944 and 54.
54
What is the highest common divisor of 41174920 and 2920?
2920
What is the highest common factor of 15593417 and 392?
49
Calculate the highest common factor of 7195 and 2315.
5
Calculate the greatest common factor of 32548398 and 12.
6
Calculate the highest common divisor of 19170 and 267759.
27
What is the greatest common factor of 52144835 and 209?
19
Calculate the highest common factor of 292812 and 17940.
156
Calculate the greatest common divisor of 34928 and 17408.
16
What is the highest common factor of 180 and 363396420?
180
What is the greatest common divisor of 74590591 and 151873?
5237
Calculate the greatest common factor of 109412530 and 10.
10
Calculate the greatest common factor of 161 and 209923.
7
Calculate the highest common factor of 236880 and 210240.
720
Calculate the highest common factor of 502159797 and 5546.
2773
What is the greatest common divisor of 51842280 and 105?
105
What is the greatest common divisor of 9000 and 2743000?
1000
What is the greatest common divisor of 5216 and 486832?
16
Calculate the greatest common divisor of 99825 and 100875.
75
Calculate the highest common factor of 2928 and 214819552.
976
Calculate the greatest common divisor of 66621400 and 90.
10
Calculate the greatest common factor of 479071 and 5546.
47
Calculate the highest common factor of 2985 and 27684681.
597
Calculate the highest common divisor of 29755541 and 541.
541
Calculate the highest common factor of 50 and 11287475.
25
Calculate the greatest common factor of 3832434 and 9.
9
What is the highest common divisor of 13 and 47388835?
13
Calculate the greatest common divisor of 130 and 944920.
10
What is the greatest common factor of 504 and 16140222?
126
What is the highest common divisor of 539451 and 22488023?
5449
What is the greatest common divisor of 853482084 and 47632?
11908
Calculate the greatest common factor of 528240 and 179772.
852
What is the greatest common factor of 4816 and 2512272?
112
What is the greatest common factor of 183864120 and 2112?
264
Calculate the greatest common divisor of 13115 and 7774145.
305
Calculate the highest common divisor of 28099356 and 60.
12
What is the highest common factor of 126891531 and 18?
9
What is the greatest common divisor of 4588 and 6443629?
31
What is the highest common divisor of 19358 and 16?
2
What is the highest common factor of 3025 and 333249972?
121
What is the highest common divisor of 36165 and 1815483?
7233
What is the greatest common factor of 2972685 and 285?
15
What is the greatest common factor of 564984 and 3593016?
504
What is the highest common divisor of 3048 and 360299?
127
Calculate the greatest common divisor of 21664885 and 20163.
517
What is the highest common factor of 23889 and 399559451?
7963
What is the highest common factor of 322497834 and 2406?
2406
Calculate the greatest common divisor of 18802 and 2479722.
238
Calculate the highest common divisor of 22016 and 1892.
172
What is the highest common factor of 5135 and 71119750?
5135
Calculate the greatest common divisor of 26576 and 2767688.
88
Calculate the highest common factor of 488 and 3928583.
61
What is the greatest common divisor of 320 and 3982540?
20
Calculate the highest common divisor of 6951 and 444423.
21
Calculate the greatest common factor of 31677128 and 35.
7
What is the greatest common factor of 1749880 and 46948?
4268
What is the greatest common divisor of 6900437 and 1211824?
2047
Calculate the highest common divisor of 46096764 and 1932.
84
Calculate the greatest common factor of 44 and 1355772.
44
Calculate the highest common divisor of 1 and 282338.
1
Calculate the highest common divisor of 5956872 and 27.
3
What is the highest common factor of 2133 and 112087728?
711
What is the highest common divisor of 137120 and 15360?
160
Calculate the highest common factor of 7014217 and 833.
119
Calculate the greatest common factor of 143066964 and 8.
4
What is the highest common divisor of 2336 and 4319264?
2336
Calculate the greatest common divisor of 14484 and 360647979.
3621
What is the greatest common factor of 198210 and 22065?
15
Calculate the highest common factor of 4318 and 9978263.
127
Calculate the highest common factor of 162 and 4307418.
162
What is the highest common factor of 901 and 46510309?
53
Calculate the highest common factor of 25460 and 16568.
76
What is the highest common factor of 11693836 and 308?
308
Calculate the greatest common factor of 5969 and 262401.
47
Calculate the highest common factor of 6716297 and 63.
7
What is the highest common factor of 8048939 and 2023?
289
Calculate the highest common divisor of 1599 and 46119957.
1599
Calculate the highest common factor of 187050210 and 3195.
1065
What is the greatest common factor of 3933215 and 17875?
715
What is the greatest common factor of 41499 and 55014?
159
Calculate the highest common factor of 710 and 16374730.
710
Calculate the greatest common divisor of 2191450 and 3198.
82
Calculate the greatest common divisor of 78570 and 344309454.
15714
What is the highest common factor of 132 and 496850156?
44
Calculate the highest common factor of 27898 and 3786432.
962
Calculate the highest common factor of 22 and 96230.
2
What is the greatest common factor of 1089 and 221188?
121
What is the greatest common divisor of 15426378 and 1650?
66
Calculate the greatest common divisor of 612 and 6094143.
153
Calculate the greatest common divisor of 477 and 7282404.
9
Calculate the highest common divisor of 2169 and 2561805.
9
What is the highest common factor of 19998 and 3618123?
303
What is the greatest common divisor of 624 and 95031924?
156
What is the greatest common divisor of 4182 and 15364906?
34
What is the greatest common factor of 122706316 and 428?
428
Calculate the highest common divisor of 137977 and 15387.
23
What is the highest common factor of 68547 and 528657?
939
What is the greatest common factor of 705 and 75241548?
141
Calculate the highest common divisor of 54675 and 1440.
45
Calculate the highest common divisor of 4416 and 336814208.
1472
Calculate the highest common divisor of 17008134 and 80883.
1419
What is the highest common factor of 13805055 and 3340?
835
What is the highest common factor of 3874 and 5439044?
26
What is the greatest common factor of 33 and 129400997?
11
What is the highest common divisor of 1473993 and 55141?
823
What is the highest common divisor of 431 and 207347635?
431
What is the greatest common divisor of 560 and 15088240?
80
What is the highest common factor of 86